{"id":175,"date":"2024-05-08T18:27:03","date_gmt":"2024-05-08T16:27:03","guid":{"rendered":"https:\/\/www.codexmd.fr\/?page_id=175"},"modified":"2024-05-12T12:50:16","modified_gmt":"2024-05-12T10:50:16","slug":"catalogage","status":"publish","type":"page","link":"https:\/\/www.codexmd.fr\/index.php\/catalogage\/","title":{"rendered":"Catalogage"},"content":{"rendered":"\n<h1 class=\"wp-block-heading has-text-align-center\">Prestations de catalogage<\/h1>\n\n\n\n<div style=\"height:39px\" aria-hidden=\"true\" class=\"wp-block-spacer\"><\/div>\n\n\n\n<p>L&rsquo;entreprise Codex propose ses services en mati\u00e8re de catalogage aux institutions de conservation : biblioth\u00e8ques municipales, dioc\u00e9saines, de mus\u00e9es, mais aussi archives  etc.<\/p>\n\n\n\n<figure class=\"wp-block-image aligncenter size-large\"><img loading=\"lazy\" decoding=\"async\" width=\"867\" height=\"1024\" src=\"https:\/\/www.codexmd.fr\/wp-content\/uploads\/2024\/05\/20230704_075006-867x1024.jpg\" alt=\"\" class=\"wp-image-181\" srcset=\"https:\/\/www.codexmd.fr\/wp-content\/uploads\/2024\/05\/20230704_075006-867x1024.jpg 867w, https:\/\/www.codexmd.fr\/wp-content\/uploads\/2024\/05\/20230704_075006-254x300.jpg 254w, https:\/\/www.codexmd.fr\/wp-content\/uploads\/2024\/05\/20230704_075006-768x907.jpg 768w, https:\/\/www.codexmd.fr\/wp-content\/uploads\/2024\/05\/20230704_075006-1301x1536.jpg 1301w, https:\/\/www.codexmd.fr\/wp-content\/uploads\/2024\/05\/20230704_075006-1735x2048.jpg 1735w\" sizes=\"auto, (max-width: 867px) 100vw, 867px\" \/><\/figure>\n\n\n\n<div style=\"height:39px\" aria-hidden=\"true\" class=\"wp-block-spacer\"><\/div>\n\n\n\n<h3 class=\"wp-block-heading has-text-color has-link-color wp-elements-f6f036f001ec75ad6ad74753d3c4e468\" style=\"color:#a6422f\">Catalogage livre en main<\/h3>\n\n\n\n<p>L&rsquo;une des sp\u00e9cialit\u00e9s de Codex est le catalogage livre en main de fonds anciens comprenant l&rsquo;ensemble de la cha\u00eene op\u00e9ratoire classique :<br>&#8211; reclassement du fond si n\u00e9cessaire<br>&#8211; catalogage au format Unimarc (pour les livres imprim\u00e9s) ou EAD (pour les manuscrits)<br>&#8211; \u00e9quipement des documents (estampillage, inscription de la cote, mise en place de signets avec cote et code-barre)<br>&#8211; conditionnement sous bo\u00eetes, chemises, pochettes selon l&rsquo;\u00e9tat mat\u00e9riel du document<\/p>\n\n\n\n<div class=\"wp-block-group is-content-justification-space-between is-nowrap is-layout-flex wp-container-core-group-is-layout-cb46ffcb wp-block-group-is-layout-flex\">\n<figure class=\"wp-block-image\"><img loading=\"lazy\" decoding=\"async\" width=\"1024\" height=\"847\" src=\"https:\/\/www.codexmd.fr\/wp-content\/uploads\/2024\/05\/20221115_154311-1-1024x847.jpg\" alt=\"\" class=\"wp-image-178\" srcset=\"https:\/\/www.codexmd.fr\/wp-content\/uploads\/2024\/05\/20221115_154311-1-1024x847.jpg 1024w, https:\/\/www.codexmd.fr\/wp-content\/uploads\/2024\/05\/20221115_154311-1-300x248.jpg 300w, https:\/\/www.codexmd.fr\/wp-content\/uploads\/2024\/05\/20221115_154311-1-768x635.jpg 768w, https:\/\/www.codexmd.fr\/wp-content\/uploads\/2024\/05\/20221115_154311-1-1536x1270.jpg 1536w, https:\/\/www.codexmd.fr\/wp-content\/uploads\/2024\/05\/20221115_154311-1-2048x1693.jpg 2048w\" sizes=\"auto, (max-width: 1024px) 100vw, 1024px\" \/><figcaption class=\"wp-element-caption\">Exemple d&rsquo;un fond de brochures du XVII<sup>e<\/sup> si\u00e8cle au XIX<sup>e<\/sup> si\u00e8cle trait\u00e9 \u00e0 la Biblioth\u00e8que d&rsquo;Angers<\/figcaption><\/figure>\n\n\n\n<figure class=\"wp-block-image size-large\"><img loading=\"lazy\" decoding=\"async\" width=\"1024\" height=\"1016\" src=\"http:\/\/www.codexmd.fr\/wp-content\/uploads\/2024\/05\/20230315_152046-1024x1016.jpg\" alt=\"\" class=\"wp-image-179\" srcset=\"https:\/\/www.codexmd.fr\/wp-content\/uploads\/2024\/05\/20230315_152046-1024x1016.jpg 1024w, https:\/\/www.codexmd.fr\/wp-content\/uploads\/2024\/05\/20230315_152046-300x298.jpg 300w, https:\/\/www.codexmd.fr\/wp-content\/uploads\/2024\/05\/20230315_152046-150x150.jpg 150w, https:\/\/www.codexmd.fr\/wp-content\/uploads\/2024\/05\/20230315_152046-768x762.jpg 768w, https:\/\/www.codexmd.fr\/wp-content\/uploads\/2024\/05\/20230315_152046-1536x1524.jpg 1536w, https:\/\/www.codexmd.fr\/wp-content\/uploads\/2024\/05\/20230315_152046-2048x2032.jpg 2048w\" sizes=\"auto, (max-width: 1024px) 100vw, 1024px\" \/><\/figure>\n<\/div>\n\n\n\n<p>Conform\u00e9ment \u00e0 l&rsquo;usage, le catalogage suit les normes op\u00e9ratoires des biblioth\u00e8ques :<br>&#8211; d\u00e9rivation des notices du catalogue g\u00e9n\u00e9ral de la Biblioth\u00e8que nationale de France (BnF) ou du Syst\u00e8me universitaire de documentation (SUDOC) lorsqu&rsquo;elles existent<br>&#8211; nettoyage de ces m\u00eames notices, notamment des particularit\u00e9s d&rsquo;exemplaires, mais aussi de toutes les coquilles ou m\u00e9langes entres zones et sous-zones lorsqu&rsquo;elles proviennent, elles-m\u00eames d&rsquo;anciennes conversions r\u00e9trospectives<br>&#8211; ajout des donn\u00e9es \u00e9ditoriales manquantes telles que le relev\u00e9 des signatures, l&rsquo;indexation RAMEAU, autorit\u00e9s non rep\u00e9r\u00e9es (graveurs, illustrateurs&#8230;), etc.<br>&#8211; ajout des donn\u00e9es issues d&rsquo;une description fine de l&rsquo;exemplaire \u00e0 cataloguer : reliure, provenances, \u00e9tat de conservation, toute autre information importante \u00e0 mentionner<\/p>\n\n\n\n<figure class=\"wp-block-image aligncenter size-large\"><img loading=\"lazy\" decoding=\"async\" width=\"1024\" height=\"867\" src=\"https:\/\/www.codexmd.fr\/wp-content\/uploads\/2024\/05\/20221104_112043-1024x867.jpg\" alt=\"\" class=\"wp-image-215\" srcset=\"https:\/\/www.codexmd.fr\/wp-content\/uploads\/2024\/05\/20221104_112043-1024x867.jpg 1024w, https:\/\/www.codexmd.fr\/wp-content\/uploads\/2024\/05\/20221104_112043-300x254.jpg 300w, https:\/\/www.codexmd.fr\/wp-content\/uploads\/2024\/05\/20221104_112043-768x651.jpg 768w, https:\/\/www.codexmd.fr\/wp-content\/uploads\/2024\/05\/20221104_112043-1536x1301.jpg 1536w, https:\/\/www.codexmd.fr\/wp-content\/uploads\/2024\/05\/20221104_112043.jpg 2040w\" sizes=\"auto, (max-width: 1024px) 100vw, 1024px\" \/><\/figure>\n\n\n\n<p>La raret\u00e9 des documents est syst\u00e9matiquement v\u00e9rifi\u00e9e pour statuer de la mise en r\u00e9serve ou nom de l&rsquo;ouvrage en accord avec l&rsquo;\u00e9quipe de conservation de l&rsquo;institution concern\u00e9e. Toute anomalie rep\u00e9r\u00e9e : d\u00e9gradations particuli\u00e8res, moisissures actives, etc. est syst\u00e9matiquement signal\u00e9e aux conservateurs.<\/p>\n\n\n\n<p>Outre le livre ancien, l&rsquo;entreprise CodeX intervient \u00e9galement sur un ensemble de documents tr\u00e8s vari\u00e9s allant de fonds musicaux aux fonds manuscrits en passant par les fonds iconographiques, cartographiques etc.<br>Les fonds anciens de partitions et leurs probl\u00e9matiques dont l&rsquo;absence de datation devant \u00eatre d\u00e9duite du cotage de l&rsquo;\u00e9dition ou de l&rsquo;adresse typographique de l&rsquo;\u00e9diteur font partie des sp\u00e9cialit\u00e9s de CodeX.<\/p>\n\n\n\n<figure class=\"wp-block-image size-large\"><img loading=\"lazy\" decoding=\"async\" width=\"1024\" height=\"511\" src=\"http:\/\/www.codexmd.fr\/wp-content\/uploads\/2024\/05\/20230504_105128-2-1024x511.jpg\" alt=\"\" class=\"wp-image-218\" srcset=\"https:\/\/www.codexmd.fr\/wp-content\/uploads\/2024\/05\/20230504_105128-2-1024x511.jpg 1024w, https:\/\/www.codexmd.fr\/wp-content\/uploads\/2024\/05\/20230504_105128-2-300x150.jpg 300w, https:\/\/www.codexmd.fr\/wp-content\/uploads\/2024\/05\/20230504_105128-2-768x383.jpg 768w, https:\/\/www.codexmd.fr\/wp-content\/uploads\/2024\/05\/20230504_105128-2-1536x767.jpg 1536w, https:\/\/www.codexmd.fr\/wp-content\/uploads\/2024\/05\/20230504_105128-2-2048x1022.jpg 2048w\" sizes=\"auto, (max-width: 1024px) 100vw, 1024px\" \/><figcaption class=\"wp-element-caption\">Fonds Jules Bordier de la biblioth\u00e8que d&rsquo;Angers constitu\u00e9 de recueils de partitions du XIXe si\u00e8cle dont un certain nombre sont des \u00e9ditions originales<\/figcaption><\/figure>\n\n\n\n<figure class=\"wp-block-image aligncenter size-large\"><img loading=\"lazy\" decoding=\"async\" width=\"1024\" height=\"716\" src=\"https:\/\/www.codexmd.fr\/wp-content\/uploads\/2024\/05\/20230504_122941-1024x716.jpg\" alt=\"\" class=\"wp-image-219\" srcset=\"https:\/\/www.codexmd.fr\/wp-content\/uploads\/2024\/05\/20230504_122941-1024x716.jpg 1024w, https:\/\/www.codexmd.fr\/wp-content\/uploads\/2024\/05\/20230504_122941-300x210.jpg 300w, https:\/\/www.codexmd.fr\/wp-content\/uploads\/2024\/05\/20230504_122941-768x537.jpg 768w, https:\/\/www.codexmd.fr\/wp-content\/uploads\/2024\/05\/20230504_122941-1536x1074.jpg 1536w, https:\/\/www.codexmd.fr\/wp-content\/uploads\/2024\/05\/20230504_122941-2048x1432.jpg 2048w\" sizes=\"auto, (max-width: 1024px) 100vw, 1024px\" \/><\/figure>\n\n\n\n<p>CodeX est certes sp\u00e9cialis\u00e9e dans le document ancien mais peut intervenir ponctuellement en renfort de catalogage dans les services de d\u00e9p\u00f4t l\u00e9gal des biblioth\u00e8ques dot\u00e9es afin d&rsquo;absorber un flux trop important de livres.<\/p>\n\n\n\n<figure class=\"wp-block-image aligncenter size-large\"><img loading=\"lazy\" decoding=\"async\" width=\"993\" height=\"1024\" src=\"https:\/\/www.codexmd.fr\/wp-content\/uploads\/2024\/05\/20230811_150805-993x1024.jpg\" alt=\"\" class=\"wp-image-183\" srcset=\"https:\/\/www.codexmd.fr\/wp-content\/uploads\/2024\/05\/20230811_150805-993x1024.jpg 993w, https:\/\/www.codexmd.fr\/wp-content\/uploads\/2024\/05\/20230811_150805-291x300.jpg 291w, https:\/\/www.codexmd.fr\/wp-content\/uploads\/2024\/05\/20230811_150805-768x792.jpg 768w, https:\/\/www.codexmd.fr\/wp-content\/uploads\/2024\/05\/20230811_150805-1490x1536.jpg 1490w, https:\/\/www.codexmd.fr\/wp-content\/uploads\/2024\/05\/20230811_150805-1986x2048.jpg 1986w\" sizes=\"auto, (max-width: 993px) 100vw, 993px\" \/><figcaption class=\"wp-element-caption\">Rangement en magasins d&rsquo;un chariot de livres entr\u00e9s au d\u00e9p\u00f4t l\u00e9gal de la Biblioth\u00e8que d&rsquo;Angers apr\u00e8s catalogage<\/figcaption><\/figure>\n\n\n\n<div style=\"height:39px\" aria-hidden=\"true\" class=\"wp-block-spacer\"><\/div>\n\n\n\n<h3 class=\"wp-block-heading has-text-color has-link-color wp-elements-65fc1e024690582623bbb08b7ace71e6\" style=\"color:#a6422f\">Conversion r\u00e9trospective<\/h3>\n\n\n\n<p>Parall\u00e8lement au catalogage livre en main, l&rsquo;entreprise Codex intervient \u00e9galement lors de campagnes de conversions r\u00e9trospectives de catalogues imprim\u00e9s, manuscrits, fiches dactylographi\u00e9es ou sur des campagnes de catalogage sur photographies de pages de titre. Le proc\u00e9d\u00e9 est le m\u00eame que d\u00e9crit ci-dessus et CodeX met un point d&rsquo;honneur \u00e0 fournir des notices de qualit\u00e9, les plus propres possibles.<\/p>\n\n\n\n<p>Exemple d&rsquo;une notice issue du catalogue g\u00e9n\u00e9ral de la BnF :<\/p>\n\n\n\n<pre class=\"wp-block-code has-small-font-size\"><code>=LDR  01009nam  22002773n 450 \n=001  FRBNF368318340000003\n=003  http:\/\/catalogue.bnf.fr\/ark:\/12148\/cb36831834z\n=039  \\\\$oCRI$aLI001006740001P  \n=100  \\\\$a19991101d1859    m  y0frey50      ba\n=101  0\\$aund\n=102  \\\\$aFR\n=105  \\\\$a||||z   000||\n=106  \\\\$ar\n=181  \\0$601$ai $bxxxe  \n=181  \\\\$602$ctxt$2rdacontent\n=182  \\0$601$an\n=182  \\\\$602$cn$2rdamedia\n=200  1\\$aNouveau paroissien Romain tr\u00e8s complet \u00e0 l'usage du dioc\u00e8se de Tours... Traduction nouvelle (Propri\u00e9t\u00e9)$bTexte imprim\u00e9\n=210  \\\\$aTours$cA. Mame et Cie, etc.$d1859\n=215  \\\\$aIn-16\n=503  1\\$aParoissial$j1859$mTours\n=801  \\0$aFR$bFR-751131015$c19991101$gAFNOR$hFRBNF368318340000003$2intermrc\n=930  \\\\$5FR-751131007:36831834001001$aB-11800$b759999999$cTolbiac - Rez de Jardin - Philosophie, histoire, sciences de l'homme - Magasin$dO<\/code><\/pre>\n\n\n\n<p>Notice nettoy\u00e9e et compl\u00e9t\u00e9e par CodeX pour la biblioth\u00e8que d&rsquo;Angers :<\/p>\n\n\n\n<pre class=\"wp-block-code has-small-font-size\"><code>=LDR  01009cam0 22002773n 450 \n=001  Codex\n=033  \\\\$ahttp:\/\/catalogue.bnf.fr\/ark:\/12148\/cb36831834z\n=035  \\\\$aFRBNF368318340000003  \n=100  \\\\$a19991101d1859    m  y0frey50      ba\n=101  0\\$afre$alat\n=102  \\\\$aFR\n=105  \\\\$afg  w   000yy\n=106  \\\\$ar\n=181  \\0$601$ai $bxxxe  \n=181  \\\\$602$ctxt$2rdacontent\n=182  \\0$601$an\n=182  \\\\$602$cn$2rdamedia\n=200  1\\$aNouveau paroissien Romain tr\u00e8s complet \u00e0 l'usage du dioc\u00e8se de Tours$eTraduction nouvelle (propri\u00e9t\u00e9)$eapprouv\u00e9 par sa grandeur Mgr Ren\u00e9-Fran\u00e7ois Renou, archev\u00eaque de Tours\n=214  \\0$aTours$cA. Mame et Cie, etc.$d1859\n=215  \\\\$a1 vol. (XV, 1140 p. - 2 f. de planches)$cplanches en noir et blanc, musique$d15 x 9 cm\n=300  \\\\$aLa table du temps commence en 1859 et s'ach\u00e8ve en 1894\n=307  \\\\$aPlanches grav\u00e9 sur cuivre sign\u00e9es \"L. J. Hallez inv. et f.\" et \"Darodes sc.\"\n=316  \\\\$5490076101:FM 0295$aReliure en chagrin \u00e9cras\u00e9 noir, d\u00e9cor estamp\u00e9 \u00e0 froid sur les plats : croix centrale avec encadrement \u00e0 doubles filets. Dos \u00e0 4 nerfs encadr\u00e9s par des filets \u00e0 froid, titre dor\u00e9. Coupes orn\u00e9es d'un filet dor\u00e9, gardes en papier gaufr\u00e9 \u00e0 motif de feuillages, tranches dor\u00e9es\n=316  \\\\$5490076101:FM 0295$aGardes sup\u00e9rieures et faux titre manquants\n=316  \\\\$5490076101:FM 0295$aIns\u00e9r\u00e9 entre les pages 84-85 et 1074-1075, feuillets de pri\u00e8res\n=317  \\\\$5490076101:FM 0295$aDon de Bernard Mesny, mars 2023\n=500  10$aMissel$nrite romain$mlatin-fran\u00e7ais$k1859\n=606  \\\\$aMissels$2rameau\n=702  \\1$oISNI0000000006913928$aHallez$bLouis-Joseph$f1804-1882$4440\n=702  \\1$aDarodes$bEug\u00e8ne$f18..-18..$4350\n=703  \\1$5490076101:FM 0295$aMesny$bBernard$f1930-20..$4390$4320\n=710  02$oISNI0000000121577632$a\u00c9glise catholique$4070\n=801  \\0$aFR$bFR-751131015$c19991101$gAFNOR$hFRBNF368318340000003$2intermrc\n=852  \\\\$aBMA$bTOU$eCSE$s93$tPIMP$cTMANC$hFM 0295$p31111020268809$zMESNY\n=920  \\\\$5490076101$7FM 0295$a2$c1<\/code><\/pre>\n\n\n\n<div style=\"height:39px\" aria-hidden=\"true\" class=\"wp-block-spacer\"><\/div>\n\n\n\n<h3 class=\"wp-block-heading has-text-color has-link-color wp-elements-863ae42460c90d350ee25819631ca539\" style=\"color:#a6422f\">Outils de travail<\/h3>\n\n\n\n<p>L&rsquo;entreprise CodeX a l&rsquo;habitude de fonctionner et de s&rsquo;adapter au SIGB ou outil de saisie de l&rsquo;institution concern\u00e9e mais dispose \u00e9galement de ses propres moyens.<br>Dans le cas du catalogage pour les biblioth\u00e8ques, Codex privil\u00e9gie le logiciel MarcEdit avec livraison des notices au format Unimarc (ISO 2709) et encodage des caract\u00e8res en Unicode (UTF-8).<br>Pour les archives ou le catalogage de manuscrits, CodeX travaille avec le logiciel oXygen directement en XML-EAD.<\/p>\n\n\n\n<p><\/p>\n\n\n\n<p>Pour toute demande ou renseignement compl\u00e9mentaire : 06 80 07 69 93 \/ mat.duboc@gmail.com<\/p>\n\n\n\n<figure class=\"wp-block-image size-large\"><img loading=\"lazy\" decoding=\"async\" width=\"683\" height=\"1024\" src=\"https:\/\/www.codexmd.fr\/wp-content\/uploads\/2024\/05\/DSC03398-683x1024.jpg\" alt=\"\" class=\"wp-image-185\" srcset=\"https:\/\/www.codexmd.fr\/wp-content\/uploads\/2024\/05\/DSC03398-683x1024.jpg 683w, https:\/\/www.codexmd.fr\/wp-content\/uploads\/2024\/05\/DSC03398-200x300.jpg 200w, https:\/\/www.codexmd.fr\/wp-content\/uploads\/2024\/05\/DSC03398-768x1152.jpg 768w, https:\/\/www.codexmd.fr\/wp-content\/uploads\/2024\/05\/DSC03398-1024x1536.jpg 1024w, https:\/\/www.codexmd.fr\/wp-content\/uploads\/2024\/05\/DSC03398-1365x2048.jpg 1365w, https:\/\/www.codexmd.fr\/wp-content\/uploads\/2024\/05\/DSC03398-scaled.jpg 1707w\" sizes=\"auto, (max-width: 683px) 100vw, 683px\" \/><\/figure>\n","protected":false},"excerpt":{"rendered":"<p>Prestations de catalogage L&rsquo;entreprise Codex propose ses services en mati\u00e8re de catalogage aux institutions de conservation : biblioth\u00e8ques municipales, dioc\u00e9saines, de mus\u00e9es, mais aussi archives etc. Catalogage livre en main L&rsquo;une des sp\u00e9cialit\u00e9s de Codex est le catalogage livre en main de fonds anciens comprenant l&rsquo;ensemble de la cha\u00eene op\u00e9ratoire classique :&#8211; reclassement du fond [&hellip;]<\/p>\n","protected":false},"author":1,"featured_media":0,"parent":0,"menu_order":0,"comment_status":"closed","ping_status":"closed","template":"","meta":{"footnotes":""},"class_list":["post-175","page","type-page","status-publish","hentry"],"_links":{"self":[{"href":"https:\/\/www.codexmd.fr\/index.php\/wp-json\/wp\/v2\/pages\/175","targetHints":{"allow":["GET"]}}],"collection":[{"href":"https:\/\/www.codexmd.fr\/index.php\/wp-json\/wp\/v2\/pages"}],"about":[{"href":"https:\/\/www.codexmd.fr\/index.php\/wp-json\/wp\/v2\/types\/page"}],"author":[{"embeddable":true,"href":"https:\/\/www.codexmd.fr\/index.php\/wp-json\/wp\/v2\/users\/1"}],"replies":[{"embeddable":true,"href":"https:\/\/www.codexmd.fr\/index.php\/wp-json\/wp\/v2\/comments?post=175"}],"version-history":[{"count":16,"href":"https:\/\/www.codexmd.fr\/index.php\/wp-json\/wp\/v2\/pages\/175\/revisions"}],"predecessor-version":[{"id":251,"href":"https:\/\/www.codexmd.fr\/index.php\/wp-json\/wp\/v2\/pages\/175\/revisions\/251"}],"wp:attachment":[{"href":"https:\/\/www.codexmd.fr\/index.php\/wp-json\/wp\/v2\/media?parent=175"}],"curies":[{"name":"wp","href":"https:\/\/api.w.org\/{rel}","templated":true}]}}