{"id":24,"date":"2024-05-04T11:30:06","date_gmt":"2024-05-04T09:30:06","guid":{"rendered":"https:\/\/www.codexmd.fr\/?page_id=24"},"modified":"2024-05-29T13:31:30","modified_gmt":"2024-05-29T11:31:30","slug":"a-propos-de","status":"publish","type":"page","link":"https:\/\/www.codexmd.fr\/index.php\/a-propos-de\/","title":{"rendered":"\u00c0 propos de"},"content":{"rendered":"\n<figure class=\"wp-block-image size-large\"><img loading=\"lazy\" decoding=\"async\" width=\"1024\" height=\"146\" src=\"https:\/\/www.codexmd.fr\/wp-content\/uploads\/2024\/05\/B360446201_MS2_0223-1024x146.jpg\" alt=\"\" class=\"wp-image-283\" srcset=\"https:\/\/www.codexmd.fr\/wp-content\/uploads\/2024\/05\/B360446201_MS2_0223-1024x146.jpg 1024w, https:\/\/www.codexmd.fr\/wp-content\/uploads\/2024\/05\/B360446201_MS2_0223-300x43.jpg 300w, https:\/\/www.codexmd.fr\/wp-content\/uploads\/2024\/05\/B360446201_MS2_0223-768x109.jpg 768w, https:\/\/www.codexmd.fr\/wp-content\/uploads\/2024\/05\/B360446201_MS2_0223-1536x219.jpg 1536w, https:\/\/www.codexmd.fr\/wp-content\/uploads\/2024\/05\/B360446201_MS2_0223-2048x291.jpg 2048w\" sizes=\"auto, (max-width: 1024px) 100vw, 1024px\" \/><\/figure>\n\n\n\n<p>Je suis un passionn\u00e9 de livres anciens et modernes, et de tout ce qui touche \u00e0 la mat\u00e9rialit\u00e9 du document quel qu&rsquo;il soit dans sa forme (manuscrit, imprim\u00e9), quelle que soit sa nature (texte, gravure, lithographie, partition de musique, etc.) et quel que soit son support.<\/p>\n\n\n\n<p>Dipl\u00f4m\u00e9 d&rsquo;un master recherche au Centre d&rsquo;\u00c9tudes Sup\u00e9rieures de la Renaissance, sp\u00e9cialit\u00e9 histoire du livre, et fort d&rsquo;une exp\u00e9rience en tant que salari\u00e9 pendant cinq ann\u00e9es dans le domaine des Humanit\u00e9s num\u00e9riques et au service des biblioth\u00e8ques, j&rsquo;ai cr\u00e9\u00e9 mon entreprise individuelle CodeX en avril 2019.<\/p>\n\n\n\n<p>L&rsquo;ensemble des services que je propose s&rsquo;oriente syst\u00e9matiquement autour du document sous tous ses aspects et me permet de mettre \u00e0 profit mes comp\u00e9tences :<\/p>\n\n\n\n<ul class=\"wp-block-list\">\n<li>en pal\u00e9ographie avec une app\u00e9tence particuli\u00e8re pour la gothique-cursive du XVI<sup>e<\/sup> si\u00e8cle. Outre de tr\u00e8s nombreuses marques de provenance, j&rsquo;ai en particulier transcrit un certain nombre de textes du XVI<sup>e<\/sup> si\u00e8cle (l&rsquo;exemplaire de Bordeaux des <em>Essais<\/em> de Montaigne, des pi\u00e8ces d&rsquo;archives telles que des arr\u00eats parlementaires, contrats de mariage, correspondance, registres de comptes&#8230;)<\/li>\n\n\n\n<li>en codicologie avec une sp\u00e9cialit\u00e9 sur le papier verg\u00e9 du XVII<sup>e<\/sup>-XVIII<sup>e<\/sup> si\u00e8cle, notamment \u00e0 partir de l&rsquo;apparition de la contremarque dans le filigrane ainsi que d&rsquo;autres signes suppl\u00e9mentaires. J&rsquo;ai \u00e9galement accumul\u00e9 un certain nombre de connaissances sur la reliure, y compris en mat\u00e9riaux peu communs tels qu&rsquo;on peut trouver au XIX<sup>e<\/sup> si\u00e8cle (ivoire, ivoirine, bak\u00e9lite, nacre&#8230;)<\/li>\n\n\n\n<li>en musique avec, au conservatoire, un dipl\u00f4me de violon de fin de troisi\u00e8me cycle qui m&rsquo;offre une grande familiarit\u00e9 avec l&rsquo;annotation musicale. Ayant catalogu\u00e9 plusieurs fonds de musique et de mat\u00e9riels d&rsquo;orchestre, je suis par ailleurs, bien au fait des probl\u00e9matiques de datations des partitions anciennes et originales.<\/li>\n\n\n\n<li>en langages informatiques XML et associ\u00e9s permettant de structurer le texte et d&rsquo;en exploiter l&rsquo;encodage. J&rsquo;en ai, en effet encod\u00e9 plusieurs centaines en XML-TEI (Text Encoding Initiative), que j&rsquo;enseigne tr\u00e8s r\u00e9guli\u00e8rement. Je manipule \u00e9galement des langages de transformation tels que XSLT (eXtensible Stylesheet Language Transformation) ou de requ\u00eates tels que XPath ou XQuery<\/li>\n<\/ul>\n\n\n\n<p>Par ailleurs, le statut d&rsquo;ind\u00e9pendant convient parfaitement \u00e0 ma personnalit\u00e9. J&rsquo;appr\u00e9cie particuli\u00e8rement le rapport direct que j&rsquo;entretiens avec mes partenaires ainsi que la diversit\u00e9 des sujets et objets sur lesquels je travaille, ce qui est, intellectuellement, toujours stimulant et enrichissant.<\/p>\n","protected":false},"excerpt":{"rendered":"<p>Je suis un passionn\u00e9 de livres anciens et modernes, et de tout ce qui touche \u00e0 la mat\u00e9rialit\u00e9 du document quel qu&rsquo;il soit dans sa forme (manuscrit, imprim\u00e9), quelle que soit sa nature (texte, gravure, lithographie, partition de musique, etc.) et quel que soit son support. Dipl\u00f4m\u00e9 d&rsquo;un master recherche au Centre d&rsquo;\u00c9tudes Sup\u00e9rieures de [&hellip;]<\/p>\n","protected":false},"author":1,"featured_media":0,"parent":0,"menu_order":0,"comment_status":"closed","ping_status":"closed","template":"","meta":{"footnotes":""},"class_list":["post-24","page","type-page","status-publish","hentry"],"_links":{"self":[{"href":"https:\/\/www.codexmd.fr\/index.php\/wp-json\/wp\/v2\/pages\/24","targetHints":{"allow":["GET"]}}],"collection":[{"href":"https:\/\/www.codexmd.fr\/index.php\/wp-json\/wp\/v2\/pages"}],"about":[{"href":"https:\/\/www.codexmd.fr\/index.php\/wp-json\/wp\/v2\/types\/page"}],"author":[{"embeddable":true,"href":"https:\/\/www.codexmd.fr\/index.php\/wp-json\/wp\/v2\/users\/1"}],"replies":[{"embeddable":true,"href":"https:\/\/www.codexmd.fr\/index.php\/wp-json\/wp\/v2\/comments?post=24"}],"version-history":[{"count":10,"href":"https:\/\/www.codexmd.fr\/index.php\/wp-json\/wp\/v2\/pages\/24\/revisions"}],"predecessor-version":[{"id":285,"href":"https:\/\/www.codexmd.fr\/index.php\/wp-json\/wp\/v2\/pages\/24\/revisions\/285"}],"wp:attachment":[{"href":"https:\/\/www.codexmd.fr\/index.php\/wp-json\/wp\/v2\/media?parent=24"}],"curies":[{"name":"wp","href":"https:\/\/api.w.org\/{rel}","templated":true}]}}